{"id":357,"date":"2019-11-12T12:00:14","date_gmt":"2019-11-12T11:00:14","guid":{"rendered":"https:\/\/gut-krausfeld.de\/?page_id=357"},"modified":"2019-11-12T12:00:15","modified_gmt":"2019-11-12T11:00:15","slug":"datenschutzerklaerung","status":"publish","type":"page","link":"https:\/\/hausprojekt-krausfeld.de\/index.php\/datenschutzerklaerung\/","title":{"rendered":"Datenschutzerkl\u00e4rung"},"content":{"rendered":"\n<p><strong>Daten beim Websiteaufruf<\/strong><\/p>\n\n\n\n<p>Wenn Du diese  Website nur nutzt, um dich zu informieren und du keine Daten angibst, dann  verarbeiten wir nur die Daten, die zur Anzeige der Website auf dem von  die verwendeten internetf\u00e4higen Ger\u00e4t erforderlich ist. Das sind  insbesondere:<\/p>\n\n\n\n<ul class=\"wp-block-list\"><li>IP-Adresse<\/li><li>Datum und Uhrzeit der Anfrage<\/li><li>jeweils \u00fcbertragene Datenmenge<\/li><li>die Website, von der die Anforderung kommt<\/li><li>Browsertyp und Browserversion<\/li><li>Betriebssystem<\/li><\/ul>\n\n\n\n<p>Rechtsgrundlage\n f\u00fcr die Verarbeitung dieser Daten sind berechtigte Interessen gem\u00e4\u00df \nArt. 6 Abs. 1 UAbs. 1 Buchstabe f) DSGVO, um die Darstellung der Website\n grunds\u00e4tzlich zu erm\u00f6glichen.<\/p>\n\n\n\n<p>Dar\u00fcber hinaus k\u00f6nnen Sie \nverschiedene Leistungen auf der Website nutzen, bei der weitere \npersonenbezogene und nicht personenbezogene Daten verarbeitet werden.<\/p>\n\n\n\n<p><strong>Deine Rechte<\/strong><\/p>\n\n\n\n<p>Als betroffene Person hast Du folgende Rechte:<\/p>\n\n\n\n<ul class=\"wp-block-list\"><li>Du hast ein Auskunftsrecht bez\u00fcglich der dich betreffenden  personenbezogenen Daten, die der Verantwortliche verarbeitet (Art. 15  DSGVO),<\/li><li>Du hast das Recht auf Berichtigung der dich betreffenden Daten, wenn diese unrichtig oder unvollst\u00e4ndig gespeichert  werden (Art. 16 DSGVO),<\/li><li>Du hast das Recht auf L\u00f6schung (Art. 17 DSGVO),<\/li><li>Du hast das Recht, die Einschr\u00e4nkung der Verarbeitung deiner personenbezogenen Daten zu verlangen (Art. 18 DSGVO),<\/li><li>Du hast das Recht auf Daten\u00fcbertragbarkeit (Art. 20 DSGVO),<\/li><li>Du hast ein Widerspruchsrecht gegen die Verarbeitung der dich betreffenden personenbezogenen Daten (Art. 21 DSGVO),<\/li><li>Du hast das Recht nicht einer ausschlie\u00dflich auf einer automatisierten  Verarbeitung \u2013 einschlie\u00dflich Profiling \u2013 beruhenden Entscheidung  unterworfen zu werden, die dir gegen\u00fcber rechtliche Wirkung entfaltet  oder dich in \u00e4hnlicher Weise erheblich beeintr\u00e4chtigt (Art. 22 DSGVO),<\/li><li>Du hast das Recht, dich bei einem vermuteten Versto\u00df gegen das  Datenschutzrecht bei der zust\u00e4ndigen Aufsichtsbeh\u00f6rde zu beschweren  (Art. 77 DSGVO). Zust\u00e4ndig ist die Aufsichtsbeh\u00f6rde an deinem \u00fcblichen  Aufenthaltsort, Arbeitsplatz oder am Ort des vermuteten Versto\u00dfes.<\/li><\/ul>\n\n\n\n<p><strong>Einsatz von Cookies&nbsp;<\/strong><\/p>\n\n\n\n<p>Beim Besuch der Website k\u00f6nnen Cookies auf deinem Ger\u00e4t  gespeichert werden. Cookies sind kleine Textdateien, die von deinem verwendeten Browser gespeichert werden. Cookies k\u00f6nnen keine  Programme ausf\u00fchren und auch keine Viren auf Ihr Ger\u00e4t \u00fcbertragen. Die  Stelle, die den Cookie setzt, kann dar\u00fcber jedoch bestimmte  Informationen erhalten. Cookies dienen dazu, das Internetangebot  benutzerfreundlicher zu machen. Mithilfe von Cookies kann beispielsweise  das Ger\u00e4t, mit dem diese Website aufgerufen wurde, bei einem erneuten  Aufruf erkannt werden.<\/p>\n\n\n\n<p>Durch die Browsereinstellungen l\u00e4sst sich  das Setzen von Cookies einschr\u00e4nken oder verhindern. So kann z. B. nur  die Annahme von Cookies, die von Drittanbietern stammen, blockiert  werden oder aber auch die Annahme von allen Cookies. Durch das  Blockieren sind jedoch m\u00f6glicherweise nicht mehr alle Funktionen dieser  Website nutzbar. <\/p>\n\n\n\n<p>Quelle: <a href=\"https:\/\/www.anwalt.de\/vorlage\/muster-datenschutzerklaerung.php\">Muster-Datenschutzerkl\u00e4rung von anwalt.de<\/a><\/p>\n","protected":false},"excerpt":{"rendered":"<p>Daten beim Websiteaufruf Wenn Du diese Website nur nutzt, um dich zu informieren und du keine Daten angibst, dann verarbeiten wir nur die Daten, die zur Anzeige der Website auf dem von die verwendeten internetf\u00e4higen Ger\u00e4t erforderlich ist. Das sind insbesondere: IP-Adresse Datum und Uhrzeit der Anfrage jeweils \u00fcbertragene Datenmenge die Website, von der die [&hellip;]<\/p>\n","protected":false},"author":1,"featured_media":0,"parent":0,"menu_order":0,"comment_status":"closed","ping_status":"closed","template":"","meta":{"site-sidebar-layout":"default","site-content-layout":"default","ast-site-content-layout":"","site-content-style":"default","site-sidebar-style":"default","ast-global-header-display":"","ast-banner-title-visibility":"","ast-main-header-display":"","ast-hfb-above-header-display":"","ast-hfb-below-header-display":"","ast-hfb-mobile-header-display":"","site-post-title":"","ast-breadcrumbs-content":"","ast-featured-img":"","footer-sml-layout":"","theme-transparent-header-meta":"default","adv-header-id-meta":"","stick-header-meta":"","header-above-stick-meta":"","header-main-stick-meta":"","header-below-stick-meta":"","astra-migrate-meta-layouts":"default","ast-page-background-enabled":"default","ast-page-background-meta":{"desktop":{"background-color":"var(--ast-global-color-4)","background-image":"","background-repeat":"repeat","background-position":"center center","background-size":"auto","background-attachment":"scroll","background-type":"","background-media":"","overlay-type":"","overlay-color":"","overlay-opacity":"","overlay-gradient":""},"tablet":{"background-color":"","background-image":"","background-repeat":"repeat","background-position":"center center","background-size":"auto","background-attachment":"scroll","background-type":"","background-media":"","overlay-type":"","overlay-color":"","overlay-opacity":"","overlay-gradient":""},"mobile":{"background-color":"","background-image":"","background-repeat":"repeat","background-position":"center center","background-size":"auto","background-attachment":"scroll","background-type":"","background-media":"","overlay-type":"","overlay-color":"","overlay-opacity":"","overlay-gradient":""}},"ast-content-background-meta":{"desktop":{"background-color":"var(--ast-global-color-5)","background-image":"","background-repeat":"repeat","background-position":"center center","background-size":"auto","background-attachment":"scroll","background-type":"","background-media":"","overlay-type":"","overlay-color":"","overlay-opacity":"","overlay-gradient":""},"tablet":{"background-color":"var(--ast-global-color-5)","background-image":"","background-repeat":"repeat","background-position":"center center","background-size":"auto","background-attachment":"scroll","background-type":"","background-media":"","overlay-type":"","overlay-color":"","overlay-opacity":"","overlay-gradient":""},"mobile":{"background-color":"var(--ast-global-color-5)","background-image":"","background-repeat":"repeat","background-position":"center center","background-size":"auto","background-attachment":"scroll","background-type":"","background-media":"","overlay-type":"","overlay-color":"","overlay-opacity":"","overlay-gradient":""}},"footnotes":""},"class_list":["post-357","page","type-page","status-publish","hentry"],"yoast_head":"<!-- This site is optimized with the Yoast SEO plugin v27.6 - https:\/\/yoast.com\/product\/yoast-seo-wordpress\/ -->\n<title>Datenschutzerkl\u00e4rung - Hausprojekt Krausfeld<\/title>\n<meta name=\"robots\" content=\"index, follow, max-snippet:-1, max-image-preview:large, max-video-preview:-1\" \/>\n<link rel=\"canonical\" href=\"https:\/\/hausprojekt-krausfeld.de\/index.php\/datenschutzerklaerung\/\" \/>\n<meta property=\"og:locale\" content=\"de_DE\" \/>\n<meta property=\"og:type\" content=\"article\" \/>\n<meta property=\"og:title\" content=\"Datenschutzerkl\u00e4rung - Hausprojekt Krausfeld\" \/>\n<meta property=\"og:description\" content=\"Daten beim Websiteaufruf Wenn Du diese Website nur nutzt, um dich zu informieren und du keine Daten angibst, dann verarbeiten wir nur die Daten, die zur Anzeige der Website auf dem von die verwendeten internetf\u00e4higen Ger\u00e4t erforderlich ist. Das sind insbesondere: IP-Adresse Datum und Uhrzeit der Anfrage jeweils \u00fcbertragene Datenmenge die Website, von der die [&hellip;]\" \/>\n<meta property=\"og:url\" content=\"https:\/\/hausprojekt-krausfeld.de\/index.php\/datenschutzerklaerung\/\" \/>\n<meta property=\"og:site_name\" content=\"Hausprojekt Krausfeld\" \/>\n<meta property=\"article:modified_time\" content=\"2019-11-12T11:00:15+00:00\" \/>\n<meta name=\"twitter:card\" content=\"summary_large_image\" \/>\n<meta name=\"twitter:site\" content=\"@krausfeld\" \/>\n<meta name=\"twitter:label1\" content=\"Gesch\u00e4tzte Lesezeit\" \/>\n\t<meta name=\"twitter:data1\" content=\"2\u00a0Minuten\" \/>\n<script type=\"application\/ld+json\" class=\"yoast-schema-graph\">{\"@context\":\"https:\\\/\\\/schema.org\",\"@graph\":[{\"@type\":\"WebPage\",\"@id\":\"https:\\\/\\\/hausprojekt-krausfeld.de\\\/index.php\\\/datenschutzerklaerung\\\/\",\"url\":\"https:\\\/\\\/hausprojekt-krausfeld.de\\\/index.php\\\/datenschutzerklaerung\\\/\",\"name\":\"Datenschutzerkl\u00e4rung - Hausprojekt Krausfeld\",\"isPartOf\":{\"@id\":\"https:\\\/\\\/hausprojekt-krausfeld.de\\\/#website\"},\"datePublished\":\"2019-11-12T11:00:14+00:00\",\"dateModified\":\"2019-11-12T11:00:15+00:00\",\"breadcrumb\":{\"@id\":\"https:\\\/\\\/hausprojekt-krausfeld.de\\\/index.php\\\/datenschutzerklaerung\\\/#breadcrumb\"},\"inLanguage\":\"de\",\"potentialAction\":[{\"@type\":\"ReadAction\",\"target\":[\"https:\\\/\\\/hausprojekt-krausfeld.de\\\/index.php\\\/datenschutzerklaerung\\\/\"]}]},{\"@type\":\"BreadcrumbList\",\"@id\":\"https:\\\/\\\/hausprojekt-krausfeld.de\\\/index.php\\\/datenschutzerklaerung\\\/#breadcrumb\",\"itemListElement\":[{\"@type\":\"ListItem\",\"position\":1,\"name\":\"Home\",\"item\":\"https:\\\/\\\/hausprojekt-krausfeld.de\\\/\"},{\"@type\":\"ListItem\",\"position\":2,\"name\":\"Datenschutzerkl\u00e4rung\"}]},{\"@type\":\"WebSite\",\"@id\":\"https:\\\/\\\/hausprojekt-krausfeld.de\\\/#website\",\"url\":\"https:\\\/\\\/hausprojekt-krausfeld.de\\\/\",\"name\":\"Gut Krausfeld\",\"description\":\"Solidarisches Wohnprojekt in Bonn\",\"publisher\":{\"@id\":\"https:\\\/\\\/hausprojekt-krausfeld.de\\\/#organization\"},\"potentialAction\":[{\"@type\":\"SearchAction\",\"target\":{\"@type\":\"EntryPoint\",\"urlTemplate\":\"https:\\\/\\\/hausprojekt-krausfeld.de\\\/?s={search_term_string}\"},\"query-input\":{\"@type\":\"PropertyValueSpecification\",\"valueRequired\":true,\"valueName\":\"search_term_string\"}}],\"inLanguage\":\"de\"},{\"@type\":\"Organization\",\"@id\":\"https:\\\/\\\/hausprojekt-krausfeld.de\\\/#organization\",\"name\":\"Gut Krausfeld e.V.\",\"url\":\"https:\\\/\\\/hausprojekt-krausfeld.de\\\/\",\"logo\":{\"@type\":\"ImageObject\",\"inLanguage\":\"de\",\"@id\":\"https:\\\/\\\/hausprojekt-krausfeld.de\\\/#\\\/schema\\\/logo\\\/image\\\/\",\"url\":\"https:\\\/\\\/hausprojekt-krausfeld.de\\\/wp-content\\\/uploads\\\/2019\\\/08\\\/GKLogSCHWARZ-2.png\",\"contentUrl\":\"https:\\\/\\\/hausprojekt-krausfeld.de\\\/wp-content\\\/uploads\\\/2019\\\/08\\\/GKLogSCHWARZ-2.png\",\"width\":1080,\"height\":848,\"caption\":\"Gut Krausfeld e.V.\"},\"image\":{\"@id\":\"https:\\\/\\\/hausprojekt-krausfeld.de\\\/#\\\/schema\\\/logo\\\/image\\\/\"},\"sameAs\":[\"https:\\\/\\\/x.com\\\/krausfeld\",\"http:\\\/\\\/@gut-krausfeld\"]}]}<\/script>\n<!-- \/ Yoast SEO plugin. -->","yoast_head_json":{"title":"Datenschutzerkl\u00e4rung - Hausprojekt Krausfeld","robots":{"index":"index","follow":"follow","max-snippet":"max-snippet:-1","max-image-preview":"max-image-preview:large","max-video-preview":"max-video-preview:-1"},"canonical":"https:\/\/hausprojekt-krausfeld.de\/index.php\/datenschutzerklaerung\/","og_locale":"de_DE","og_type":"article","og_title":"Datenschutzerkl\u00e4rung - Hausprojekt Krausfeld","og_description":"Daten beim Websiteaufruf Wenn Du diese Website nur nutzt, um dich zu informieren und du keine Daten angibst, dann verarbeiten wir nur die Daten, die zur Anzeige der Website auf dem von die verwendeten internetf\u00e4higen Ger\u00e4t erforderlich ist. Das sind insbesondere: IP-Adresse Datum und Uhrzeit der Anfrage jeweils \u00fcbertragene Datenmenge die Website, von der die [&hellip;]","og_url":"https:\/\/hausprojekt-krausfeld.de\/index.php\/datenschutzerklaerung\/","og_site_name":"Hausprojekt Krausfeld","article_modified_time":"2019-11-12T11:00:15+00:00","twitter_card":"summary_large_image","twitter_site":"@krausfeld","twitter_misc":{"Gesch\u00e4tzte Lesezeit":"2\u00a0Minuten"},"schema":{"@context":"https:\/\/schema.org","@graph":[{"@type":"WebPage","@id":"https:\/\/hausprojekt-krausfeld.de\/index.php\/datenschutzerklaerung\/","url":"https:\/\/hausprojekt-krausfeld.de\/index.php\/datenschutzerklaerung\/","name":"Datenschutzerkl\u00e4rung - Hausprojekt Krausfeld","isPartOf":{"@id":"https:\/\/hausprojekt-krausfeld.de\/#website"},"datePublished":"2019-11-12T11:00:14+00:00","dateModified":"2019-11-12T11:00:15+00:00","breadcrumb":{"@id":"https:\/\/hausprojekt-krausfeld.de\/index.php\/datenschutzerklaerung\/#breadcrumb"},"inLanguage":"de","potentialAction":[{"@type":"ReadAction","target":["https:\/\/hausprojekt-krausfeld.de\/index.php\/datenschutzerklaerung\/"]}]},{"@type":"BreadcrumbList","@id":"https:\/\/hausprojekt-krausfeld.de\/index.php\/datenschutzerklaerung\/#breadcrumb","itemListElement":[{"@type":"ListItem","position":1,"name":"Home","item":"https:\/\/hausprojekt-krausfeld.de\/"},{"@type":"ListItem","position":2,"name":"Datenschutzerkl\u00e4rung"}]},{"@type":"WebSite","@id":"https:\/\/hausprojekt-krausfeld.de\/#website","url":"https:\/\/hausprojekt-krausfeld.de\/","name":"Gut Krausfeld","description":"Solidarisches Wohnprojekt in Bonn","publisher":{"@id":"https:\/\/hausprojekt-krausfeld.de\/#organization"},"potentialAction":[{"@type":"SearchAction","target":{"@type":"EntryPoint","urlTemplate":"https:\/\/hausprojekt-krausfeld.de\/?s={search_term_string}"},"query-input":{"@type":"PropertyValueSpecification","valueRequired":true,"valueName":"search_term_string"}}],"inLanguage":"de"},{"@type":"Organization","@id":"https:\/\/hausprojekt-krausfeld.de\/#organization","name":"Gut Krausfeld e.V.","url":"https:\/\/hausprojekt-krausfeld.de\/","logo":{"@type":"ImageObject","inLanguage":"de","@id":"https:\/\/hausprojekt-krausfeld.de\/#\/schema\/logo\/image\/","url":"https:\/\/hausprojekt-krausfeld.de\/wp-content\/uploads\/2019\/08\/GKLogSCHWARZ-2.png","contentUrl":"https:\/\/hausprojekt-krausfeld.de\/wp-content\/uploads\/2019\/08\/GKLogSCHWARZ-2.png","width":1080,"height":848,"caption":"Gut Krausfeld e.V."},"image":{"@id":"https:\/\/hausprojekt-krausfeld.de\/#\/schema\/logo\/image\/"},"sameAs":["https:\/\/x.com\/krausfeld","http:\/\/@gut-krausfeld"]}]}},"_links":{"self":[{"href":"https:\/\/hausprojekt-krausfeld.de\/index.php\/wp-json\/wp\/v2\/pages\/357","targetHints":{"allow":["GET"]}}],"collection":[{"href":"https:\/\/hausprojekt-krausfeld.de\/index.php\/wp-json\/wp\/v2\/pages"}],"about":[{"href":"https:\/\/hausprojekt-krausfeld.de\/index.php\/wp-json\/wp\/v2\/types\/page"}],"author":[{"embeddable":true,"href":"https:\/\/hausprojekt-krausfeld.de\/index.php\/wp-json\/wp\/v2\/users\/1"}],"replies":[{"embeddable":true,"href":"https:\/\/hausprojekt-krausfeld.de\/index.php\/wp-json\/wp\/v2\/comments?post=357"}],"version-history":[{"count":1,"href":"https:\/\/hausprojekt-krausfeld.de\/index.php\/wp-json\/wp\/v2\/pages\/357\/revisions"}],"predecessor-version":[{"id":359,"href":"https:\/\/hausprojekt-krausfeld.de\/index.php\/wp-json\/wp\/v2\/pages\/357\/revisions\/359"}],"wp:attachment":[{"href":"https:\/\/hausprojekt-krausfeld.de\/index.php\/wp-json\/wp\/v2\/media?parent=357"}],"curies":[{"name":"wp","href":"https:\/\/api.w.org\/{rel}","templated":true}]}}